 x*m + 2*y - 5*y - 279. List the prime factors of m.
2, 47
Let d(v) = v**2 - 4*v - 5. Let l be d(6). Suppose 2*k = l + 3. Suppose -2*t + 35 = 3*b, 5*t + k*b = 58 + 32. List the prime factors of t.
19
Let o(d) = 4*d - 23. Let h be o(7). List the prime factors of 5/h - -1*121.
2, 61
Let b be (0 + (0 - 3))*-1. What are the prime factors of (b/5)/((-29)/(-15805))?
3, 109
Let s(k) = -12*k - 28. Let z be s(16). Let f = z + 336. List the prime factors of f.
2, 29
Let h(w) = -16*w - 7. Let b be h(4). Let y = b + 120. List the prime factors of y.
7
Suppose -8*n + 6 + 2 = 0. List the prime factors of n - 3 - 4*75/(-6).
2, 3
Let p = -2 + 1. Suppose 4*k = 20, 5*w - 159 = 2*w - 3*k. What are the prime factors of (w - p)/(-2 + 3)?
7
Let r(d) = d**2 - 3*d - 1. Let m be r(6). Suppose 14*i = 12*i - 28. Let q = i + m. List the prime factors of q.
3
Suppose 3*z + 2657 = 5*o - 2500, -3*z + 3 = 0. Suppose -2*w = -8*w + o. List the prime factors of w.
2, 43
Let q(c) = -c**3 - c - 2. Let u be q(0). Suppose -3*z + 3*r - 333 = 0, -z - 2*r - 2*r = 116. List the prime factors of (u/1)/(8/z).
2, 7
Let o(d) = -36*d**2 - 8*d - 15. Let x be o(-3). List the prime factors of (x/(-10))/((-1)/(-2)).
3, 7
Let a(k) = -2*k**3 - 3*k**2 + 1. Let r be a(-2). Let j = 486 - 204. Suppose r*i = -87 + j. What are the prime factors of i?
3, 13
Let u be 123/11 - 2/11. Let a = 15 - u. Suppose -5*s + 104 = a*q, -3*s - 7 = 2*q - 71. List the prime factors of s.
2, 3
Suppose -h = 5*m - 4*h - 10422, -3*m = 3*h - 6234. What are the prime factors of m?
2, 3, 347
Let v(q) = q**3 - 19*q**2 - 16*q - 22. What are the prime factors of v(21)?
2, 131
Suppose 0 = 81*m - 86*m + 2*c + 207, -4*m + 2*c = -164. List the prime factors of m.
43
Let k be -3*3/9 - -4. Suppose -u + 248 = 4*f, k*f + 3*u - 105 = 90. What are the prime factors of f?
61
Let h(t) be the first derivative of 3*t**4/2 + 2*t**3/3 - 3*t**2/2 + t + 1. What are the prime factors of h(2)?
3, 17
Suppose 0*s = -5*s + b + 761, 479 = 3*s + 5*b. What are the prime factors of s?
3, 17
Suppose 23*f + 38710 = 33*f. What are the prime factors of f?
7, 79
Suppose -23*s - 3528 = -27*s. List the prime factors of s.
2, 3, 7
Suppose -h = h + 4*p, -h + 7 = -5*p. Suppose -10 = 2*b - h*k, -2*b - 2 = 3*k - 7. List the prime factors of b*26/8*-2.
13
Suppose 0 = -6*b + 2*b + 8. Suppose 3*w + 8 = -w, -b*s - 5*w = 6. Suppose -2*q + 3 = 4*k - 59, -s = k - 3*q. List the prime factors of k.
13
Suppose 0 = 5*y - 2*y. Suppose 5*c + 5 + 0 = y. List the prime factors of c/(-6) + (-1075)/(-30).
2, 3
Suppose -9*w - 80696 = -65*w. What are the prime factors of w?
11, 131
Let i = 70 - 32. Suppose 2*l - 20 = i. Let n = -17 + l. What are the prime factors of n?
2, 3
Let m be -1*(-6 - 12/(-4)). Suppose -o = 2 - m. What are the prime factors of 51 + o + (0 - 4)?
2, 3
Suppose 0 = 564*w - 562*w - 2058. List the prime factors of w.
3, 7
Suppose -3*n - 6*l + 1974 = -4*l, -l - 3290 = -5*n. List the prime factors of n.
2, 7, 47
List the prime factors of ((-342783)/9)/(-7) - 10.
5431
Let l be -1 + -1 + (6 - -2). Let q(n) = 2*n - 7. Let g be q(l). Suppose k - 32 - g = 0. What are the prime factors of k?
37
Let c = -541 + 820. Suppose k = -5*t + 47, -k - 3*t + c = 4*k. What are the prime factors of k?
3, 19
Let u be 66/(-9)*6/2. Let q = -13 - u. Suppose 2*n - q - 27 = -2*m, 0 = -5*m + 25. What are the prime factors of n?
13
Suppose -3*z + 19 = 1. What are the prime factors of (-15)/z - (-81)/2?
2, 19
Let o(s) be the second derivative of -s**5/20 + 7*s**4/6 + 19*s**3/6 + 15*s**2/2 - 12*s. List the prime factors of o(15).
3, 5
Suppose 0 = -2*b + 2 - 0. Let q be 0/(4/b) - -6. Suppose q*o = 3*z + o - 6, 3*z + o = 6. What are the prime factors of z?
2
Let u(z) = 187*z**2 + 38*z - 113. What are the prime factors of u(4)?
7, 433
Suppose -6*k = -3 - 9. Suppose -3*t + 0 - 151 = -2*o, t = -k*o + 155. Suppose o - 5 = 4*l. List the prime factors of l.
2, 3
Let x(g) = -g**2 - 9*g + 1. Let k = 4 + 23. Let r = k - 35. What are the prime factors of x(r)?
3
Let s(j) = 1492*j**2 - 1. What are the prime factors of s(1)?
3, 7, 71
Suppose -2*p = 2*p + 60. Let b = p + 27. List the prime factors of b.
2, 3
Suppose -1995 - 1035 = -30*q. What are the prime factors of q?
101
Let z(b) = 2*b**3 - 8*b**2 - 3*b + 8. Let n(i) = -i**3 + i**2 - i + 1. Let l(x) = -n(x) - z(x). List the prime factors of l(5).
61
Let c(q) be the first derivative of 17*q**3/3 - 3*q**2/2 + 2*q - 2. Let r = 313 - 312. List the prime factors of c(r).
2
Let v(a) = 11*a + 35. Let k be v(8). Suppose -3*t + 8*t + 4*u - 300 = 0, 0 = -2*t - u + k. List the prime factors of t.
2
Let t = 82 + 29. List the prime factors of t.
3, 37
Let x = 1798 + -926. List the prime factors of x.
2, 109
Suppose -3*w + t = -2*t - 12, -4*w - 20 = 5*t. Suppose 0 = -3*f - w*f - 2*d + 265, -2*f + 176 = 2*d. What are the prime factors of f?
89
Suppose 0 = -4*o + 22 + 86. Suppose -5*j + o - 2 = 0. Suppose 111 = j*m - 64. What are the prime factors of m?
5, 7
Let k(l) = l**2 + l - 4. Let d be k(-5). Suppose m + 5*w = -35, 0 - d = 4*w. What are the prime factors of 3/(-1 - 18/m)?
3, 5
Let k be -5 - 33*(0 + (-20)/15). Let c be (-590)/(-8) - (-2)/8. Let h = c - k. List the prime factors of h.
5, 7
Let a(x) = 192*x - 23. What are the prime factors of a(7)?
1321
Suppose 3*o - 35 + 11 = 0. What are the prime factors of 73 + 2 + (3 - o)?
2, 5, 7
Let f(b) be the first derivative of 1/4*b**4 + 3/2*b**2 - 4 + 5*b + 2*b**3. What are the prime factors of f(-4)?
5
Let l = -15 + 39. Suppose -l = -2*m + m. Let d = 3 + m. List the prime factors of d.
3
Let n be (-77)/(-22)*(-4)/(-7). Let q = 7 - n. Suppose m - 2*m = -3*w + 68, 0 = 5*w + q*m - 80. List the prime factors of w.
3, 7
Suppose 4*z + 345 = 3*z. Let f be z/(-9) - 2/6. Suppose -f = -2*s - 0*o + 4*o, -s + 5 = 5*o. List the prime factors of s.
3, 5
Suppose 0 = 5*v + 2*d - 3161, -4*v + 5*d = -2760 + 218. What are the prime factors of v?
3, 211
Suppose -5*d - 14 = -2*n, 4*n - 5*d - 18 = -0*n. What are the prime factors of -2*(-69)/2 + n?
71
Suppose 28 + 18 = 5*q - n, -q = 2*n - 7. What are the prime factors of 801/2*((-30)/q - -4)?
3, 89
Suppose 4*c + 204 = 5*b, 2*c - 228 = 3*b - 8*b. Suppose 0 = -3*a + 4 + 5. Suppose -p - b + 10 = -g, -3 = a*p. List the prime factors of g.
3, 11
Let s be (19/38)/((-2)/(-16)). Let o(k) = 11*k**2 + 7*k - 7. List the prime factors of o(s).
197
Suppose 327 = -a + 3*m + 973, 3*m = -2*a + 1247. List the prime factors of a.
631
Let i(y) = 25*y + 8. Let a(r) = -26*r - 9. Let n(c) = 6*a(c) + 7*i(c). List the prime factors of n(3).
59
Let b be 20*1 + -21 + 19. List the prime factors of 3759/b - (-4)/(-24)*-1.
11, 19
Let j = 3756 - 1290. List the prime factors of j.
2, 3, 137
Let d = -47 - -106. Let g = d + -43. List the prime factors of g.
2
Let z = -28 - -102. Suppose 429 = 5*h + z. List the prime factors of h.
71
Suppose -4*n = 5*y + 232, -106 = -2*y + 4*y - 5*n. Let v = y + 34. List the prime factors of (-7)/(v/32) + 1.
17
Let n(x) = 210*x + 4. What are the prime factors of n(2)?
2, 53
Suppose -13 - 65 = 3*n. Let k = n - -63. List the prime factors of k.
37
Let n = -662 - -1154. What are the prime factors of n?
2, 3, 41
Suppose -10*i + 22706 = 2676. What are the prime factors of i?
2003
Let v(y) = -8*y**3 + 2*y**2 + y + 1. Let j = -21 - -23. Suppose 2*s + 2 = -j. List the prime factors of v(s).
71
Suppose -50 = 3*y - 47. List the prime factors of (-54)/(((-12)/16 - y) + -1).
2, 3
Let p(n) = -n**3 + 20*n**2 + 35*n - 36. List the prime factors of p(19).
2, 3, 5, 11
Suppose -2*y - 7 = -5. Let v be (y/(-3))/(10/60). Suppose -v*w = -5*o + 85, 2*o + 2*w - 16 = 32. List the prime factors of o.
19
List the prime factors of (12/(-10))/((-9)/10800).
2, 3, 5
Let a = 470 - 280. Suppose -114 = y - 4*y - 2*s, 5*y = 4*s + a. Suppose 5*j = 3*j + y. What are the prime factors of j?
19
List the prime factors of 2 - (1 + -4 + -2 + -2).
3
Suppose -q - 100 = -11*q. Suppose -155 = -q*h + 5*h. What are the prime factors of h?
31
Suppose 0 = -l - 3*n + 3 + 1004, 3*n + 6 = 0. Let q = l - 459. List the prime factors of 1/(-4) - q/(-8).
3, 23
Suppose 9*d - 465 = 6*d. List the prime factors of d.
5, 31
Suppose 0 = -5*k + 3*k. Suppose 3*d - 21 = -0*d. Suppose 5*i = -4*f + d + 9, k = 2*f - i - 22. What are the prime factors of f?
3
Supp